 Let l = 78 - c. Let m(v) = 4*v**2 + 2*v + 12. List the prime factors of m(l).
2, 3
Let o(b) = -52*b + 6. Suppose -5*l + 19 = 2*p + p, 0 = -5*l - p + 13. Let f be o(l). Let t = f - -172. What are the prime factors of t?
2, 37
What are the prime factors of (1246 + -12)*(9/2 + 2)?
13, 617
Let y = 75488 + -50548. List the prime factors of y.
2, 5, 29, 43
Let h = 106 - 84. Suppose 0 = -15*w + h*w - 3738. List the prime factors of w.
2, 3, 89
Let n be (2 - (1 + 0))*(-23 + 26). Suppose -n*q + s + 1265 = 0, q + 1271 = 4*q - 4*s. List the prime factors of q.
421
Suppose -14*g - 87 - 25 = 0. Let u(i) = -i**2 + 11*i. Let s(a) = -5*a**2 + 65*a. Let w(n) = 6*s(n) - 34*u(n). List the prime factors of w(g).
2
Suppose -3*i - 688 = 74. Let v = 767 + i. What are the prime factors of v?
3, 19
Let c(j) = -2*j**2 + 26*j + 55. Let y(t) = t**2 - 12*t - 27. Let n(a) = -3*c(a) - 5*y(a). What are the prime factors of n(20)?
2, 5
What are the prime factors of ((-33)/5)/(16/(-86329 + 9))?
3, 11, 13, 83
Let p(o) = -o**3 - 7*o**2 + 20*o - 13. Suppose -30 = 23*f - 20*f. List the prime factors of p(f).
3, 29
Let z = 14 - 2. Suppose -10*f + z*f - 14 = 0. Suppose i = 4*b - 39, 9*i - 65 = -5*b + f*i. What are the prime factors of b?
11
Let b(x) = 324*x - 551. List the prime factors of b(4).
5, 149
Let z(t) = -364*t + 929. What are the prime factors of z(-97)?
3, 47, 257
Let w = -53479 + 110697. What are the prime factors of w?
2, 7, 61, 67
Suppose 3*c + 5 = -2*q, 4*c + 4*q + 10 + 2 = 0. What are the prime factors of ((-7002)/27)/(c + (-5)/3)?
389
Let s = -8690 - -13324. List the prime factors of s.
2, 7, 331
Let m(u) = 30*u - 70. Let b be m(6). Suppose -4*q - 3*w = 295 - b, w + 91 = -2*q. What are the prime factors of (22/q)/((-2)/872)?
2, 109
Suppose 3*r - 7 = -1. Let b(m) = 659*m**2 - 176*m - 175. Let g be b(-1). Suppose 4*w - g = n, w - 148 = r*n + 17. What are the prime factors of w?
3, 5, 11
Let l(u) = 522*u + 238. What are the prime factors of l(7)?
2, 7, 139
Suppose j = -2*g - 41, 4*j + 40 - 107 = 3*g. Let r = -13 - g. List the prime factors of (404/r)/((-3)/12*-2).
101
Let h(i) = -16*i**3 - 7*i**2 + 8*i + 1. Let y(a) = -17*a**3 - 6*a**2 + 7*a. Let s(q) = 6*h(q) - 7*y(q). What are the prime factors of s(2)?
2, 47
Let a(g) = -4*g - 38. Let c be a(-10). Let m be (1 - 0)/(1/c). Suppose -t + 5*y = -m*t + 143, -3*t + 529 = -5*y. What are the prime factors of t?
2, 3, 7
Let w be (0 + 27/(-6))*(-8)/6. Let h(n) = n**2 + 2 - w*n**2 + 4*n + 4*n**2 + 1. List the prime factors of h(3).
2, 3
Suppose 19*o + 43354 - 88350 = 49567. List the prime factors of o.
3, 7, 79
What are the prime factors of (-97698)/(-2) + -17 + -5 + 10?
3, 73, 223
Let l be 39/15 + 2/(-10)*-2. Let t be ((3 - l) + 1/(-2))*-1070. Suppose -3*b + 115 = s - 0*b, -5*b + t = 5*s. What are the prime factors of s?
103
Suppose -2*r - 4*f + 57012 = 0, -6*f - 28458 = -328*r + 327*r. What are the prime factors of r?
2, 3, 1583
Suppose 4*z = -3*t - 8 + 7, 3*z = -3*t. What are the prime factors of 0 + t + 100 - -2?
103
Let z = 2163 + 518. Suppose -z = -479*c + 472*c. List the prime factors of c.
383
Let j be ((-33)/55)/(3*(-3)/30). Suppose 0 = 12*b + j*b - 2730. List the prime factors of b.
3, 5, 13
Let j be (-2)/(-4) - (-2674)/(-28). Let g = j + 30. Let s = -10 - g. List the prime factors of s.
5, 11
List the prime factors of (9300 - -7) + 5*(-3)/(-3) + -1.
9311
Let h(s) = -s**3 - 19*s**2 - 35*s + 14. Let n be h(-18). Suppose -g = -3*g + n. List the prime factors of g.
2, 5
Let s = -2 - -5. Suppose 5*a - s*v + 230 = -7*v, -5*v = -5*a - 230. Let x = a - -95. List the prime factors of x.
7
Let b = -4582 - -13093. List the prime factors of b.
3, 2837
Let a be ((-60)/(-75))/(1 - 15/25). Let i(g) be the first derivative of g**3 + 3*g**2/2 + 2*g - 1. What are the prime factors of i(a)?
2, 5
Let c(j) = -j**3 - 10*j**2 - 7*j + 23. Let x be c(-9). Suppose 10 = 10*u - x*u. Suppose q = 4*f - u*q - 397, q - 520 = -5*f. What are the prime factors of f?
103
Let o(c) = -c**3 - c**2 + 60. Let a be o(0). Suppose -a*b + 56*b = -20. List the prime factors of (2/b)/((-4)/(-70)).
7
Suppose -2*p + 79 = -v + 67, -3*v - 3*p = 45. Let c(x) = -x**3 - 3*x**2 + 27*x - 34. What are the prime factors of c(v)?
2, 109
Let o be (7/((-49)/16))/(23/(-161)). Suppose -4*w + 6216 = o*b - 12*b, -3*w + 5*b + 4638 = 0. List the prime factors of w.
3, 11, 47
Let m = -320 - -1276. Suppose -1351 = 5*x - t - 3768, -2*x + 4*t + m = 0. Suppose 5*z - 7*z + x = 4*w, 5*w = z - 270. What are the prime factors of z?
2, 5
Suppose 4*l - 8*q = -5*q + 108934, -3*l + 3*q + 81702 = 0. List the prime factors of l.
2, 23, 37
Let g(r) = -r - 6. Let a be g(-6). Let f = 3601 + -3610. List the prime factors of (-1526)/(-6) - (6/f + a).
3, 5, 17
Let v(z) = 21*z**2 - 19*z - 25. Let n be v(9). Suppose -5*h + n = 5*j, -4*h = -j - 3*h + 309. List the prime factors of j.
5, 61
List the prime factors of 37631*1 - (9 + 156/12 + -24).
37633
Let l(a) = 28*a - 37. Let b be l(8). Suppose b + 1241 = 3*t. List the prime factors of t.
2, 7, 17
Let s = 29 + -28. Suppose s = -2*h + 2*g - 3, g = 3*h. What are the prime factors of 62/6 - h/3?
2, 5
Suppose 6*j + 13*j - 152 = 0. List the prime factors of (-2236)/7*(-28)/j.
2, 13, 43
Let a(l) = -168*l + 2229. List the prime factors of a(-34).
3, 2647
Suppose -4*r - 17 = -5*k + 16, -2*r - 4 = 0. Suppose k*f - 169 + 39 = 0. What are the prime factors of f?
2, 13
Suppose 0 = -c + 3*c - 354. Let o(y) = 3*y**2 - 119*y + 43. Let u be o(39). Let z = u + c. What are the prime factors of z?
2, 71
Let n = -875 - -866. Let v(d) = -150*d - 171. What are the prime factors of v(n)?
3, 131
Suppose -1577 = -22*p + 13471. Suppose -8*x + p = -412. What are the prime factors of x?
137
Suppose -3*w + 254 + 389 = 5*o, -w = -2*o - 207. Suppose 209*h = w*h - 62. What are the prime factors of h?
31
Let g = -11 + 14. Suppose -2*r + 128 = t, -2*t = -g*t - 4. Suppose 2*z + 5*o = 7*z - 320, -z - o = -r. What are the prime factors of z?
5, 13
Suppose -3*h + a = -3*a - 29831, 2*h - 19895 = -5*a. What are the prime factors of h/12 + (-21)/(-84)?
829
Let f = 4 - 2. Suppose 21*c + 11 = 53. Suppose u + f*i - 20 = 24, 0 = c*i - 8. List the prime factors of u.
2, 3
Suppose -4*q - 8 = 0, -40*q + 12872 = 3*h - 38*q. Suppose -4*a = a + 3*f - 9, 0 = 3*a - 5*f - 19. List the prime factors of (h/16 - 4) + a/(-12).
2, 3, 11
Suppose 32*t - 214*t + 47520 = -2*t. What are the prime factors of t?
2, 3, 11
Suppose 1336 - 221 = 5*y. Let k(r) = 21*r - 194. Let j be k(4). Let u = y + j. List the prime factors of u.
113
Suppose 0 = -3*f - 2*f - 3*u + 245007, 4*f + 2*u - 196004 = 0. List the prime factors of f.
3, 16333
Suppose 2668*h - 446405 = 2573*h. What are the prime factors of h?
37, 127
Let p = -2715 - -5768. List the prime factors of p.
43, 71
Suppose 0 = -2*b - 5*g + 25057, -5*b + 14748 + 47908 = -g. What are the prime factors of b?
3, 4177
Let h = 8680 - 3651. List the prime factors of h.
47, 107
What are the prime factors of 18244/(-2 + 0)*194/(-388)?
4561
Let v = -507 + 511. Let g be (-1 + -1)/(12/(-36)). Suppose -4*r = -4*o - 188, -5*r = -g*r - v*o + 22. What are the prime factors of r?
2, 3, 7
What are the prime factors of (-22*3292/(-8))/((-59)/(-177))?
3, 11, 823
Let o = 81735 - 39683. List the prime factors of o.
2, 10513
Suppose 5*z = -k + 259, 8*k = 5*k - 3*z + 777. Suppose 3*g - 5*t + k = 1329, -745 = -2*g - 3*t. List the prime factors of g.
5, 73
Let r = 10 - 6. Let f be 6*(4 + (-22)/6). Suppose -d + 100 = r*h, -f*d + 3*d + h = 97. List the prime factors of d.
2, 3
Let y(l) = 40*l + 1442. Let u be y(-36). Suppose 4*c = 5 + 3. Suppose c*h = b + 51, h + u*b = -2*b + 39. List the prime factors of h.
3
Let r(n) = n + 6. Let w be r(-4). Suppose 0 = -5*b - 4*i + 14, 2*i + 12 = b - w. Let s(z) = -z**3 + 7*z**2 + 6*z - 17. What are the prime factors of s(b)?
5, 11
Suppose -7*z + 39282 + 6996 + 3247 = 0. List the prime factors of z.
5, 283
List the prime factors of (164*2439/(-6) - 2)*588/(-1176).
2, 7, 2381
Let i(t) = -6*t**3 - 3*t**2 + 3*t + 32. Let q = -358 - -353. What are the prime factors of i(q)?
2, 173
Let r be (-24)/(-14)*(-5 - (-17)/2). Suppose 0*v + 5 = -w + v, 0 = v + 5. What are the prime factors of ((-828)/w)/r*5?
3, 23
Let m be (-10)/((-14)/(-2443) + 0). Let g = -934 - m. List th